{"id":22663,"date":"2025-05-24T15:15:45","date_gmt":"2025-05-24T15:15:45","guid":{"rendered":"https:\/\/inlingua-regensburg.de\/?page_id=22663"},"modified":"2025-05-29T19:11:50","modified_gmt":"2025-05-29T19:11:50","slug":"b2-telc-deutsch-prufungsvorbereitung","status":"publish","type":"page","link":"https:\/\/inlingua-regensburg.de\/index.php\/b2-telc-deutsch-prufungsvorbereitung\/","title":{"rendered":"B2 telc Deutsch Pr\u00fcfungsvorbereitung"},"content":{"rendered":"\t\t<div data-elementor-type=\"wp-page\" data-elementor-id=\"22663\" class=\"elementor elementor-22663\">\n\t\t\t\t<div class=\"elementor-element elementor-element-089f947 e-flex e-con-boxed e-con e-parent\" data-id=\"089f947\" data-element_type=\"container\">\n\t\t\t\t\t<div class=\"e-con-inner\">\n\t\t\t\t\t<\/div>\n\t\t\t\t<\/div>\n\t\t<div class=\"elementor-element elementor-element-e826e4c e-con-full e-flex e-con e-parent\" data-id=\"e826e4c\" data-element_type=\"container\">\n\t\t<div class=\"elementor-element elementor-element-fdc6e1a e-con-full e-flex e-con e-child\" data-id=\"fdc6e1a\" data-element_type=\"container\">\n\t\t\t\t<div class=\"elementor-element elementor-element-ca7a3e0 elementor-widget elementor-widget-thim-ekits-list-product\" data-id=\"ca7a3e0\" data-element_type=\"widget\" data-widget_type=\"thim-ekits-list-product.default\">\n\t\t\t\t<div class=\"elementor-widget-container\">\n\t\t\t\t\t\t\t\t<div class=\"thim-ekits-product woocommerce\">\n\t\t\t\t<div class=\"thim-ekits-product__inner\">\n\t\t\t\t\t\t\t\t\t\t\t<div class=\"thim-ekits-product__item product type-product post-22661 status-publish first instock product_cat-prufungsvorbereitungb2 sale shipping-taxable purchasable product-type-simple woopt woopt_\">\n\t\t\t\t\t\t\t\n\t<span class=\"onsale\">Angebot!<\/span>\n\t<img fetchpriority=\"high\" decoding=\"async\" width=\"300\" height=\"300\" src=\"https:\/\/inlingua-regensburg.de\/wp-content\/uploads\/woocommerce-placeholder-300x300.png\" class=\"woocommerce-placeholder wp-post-image\" alt=\"Platzhalter\" srcset=\"https:\/\/inlingua-regensburg.de\/wp-content\/uploads\/\/woocommerce-placeholder-300x300.png 300w, https:\/\/inlingua-regensburg.de\/wp-content\/uploads\/\/woocommerce-placeholder-100x100.png 100w, https:\/\/inlingua-regensburg.de\/wp-content\/uploads\/\/woocommerce-placeholder-600x600.png 600w, https:\/\/inlingua-regensburg.de\/wp-content\/uploads\/\/woocommerce-placeholder-1024x1024.png 1024w, https:\/\/inlingua-regensburg.de\/wp-content\/uploads\/\/woocommerce-placeholder-150x150.png 150w, https:\/\/inlingua-regensburg.de\/wp-content\/uploads\/\/woocommerce-placeholder-768x768.png 768w, https:\/\/inlingua-regensburg.de\/wp-content\/uploads\/\/woocommerce-placeholder-32x32.png 32w, https:\/\/inlingua-regensburg.de\/wp-content\/uploads\/\/woocommerce-placeholder-80x80.png 80w, https:\/\/inlingua-regensburg.de\/wp-content\/uploads\/\/woocommerce-placeholder-30x30.png 30w, https:\/\/inlingua-regensburg.de\/wp-content\/uploads\/\/woocommerce-placeholder.png 1200w\" sizes=\"(max-width: 300px) 100vw, 300px\" \/><h2 class=\"woocommerce-loop-product__title\">B2 telc Deutsch Pr\u00fcfungsvorbereitung<\/h2>\n\t<span class=\"price\"><del aria-hidden=\"true\"><span class=\"woocommerce-Price-amount amount\"><bdi>450,00&nbsp;<span class=\"woocommerce-Price-currencySymbol\">&euro;<\/span><\/bdi><\/span><\/del> <span class=\"screen-reader-text\">Urspr\u00fcnglicher Preis war: 450,00&nbsp;&euro;<\/span><ins aria-hidden=\"true\"><span class=\"woocommerce-Price-amount amount\"><bdi>299,00&nbsp;<span class=\"woocommerce-Price-currencySymbol\">&euro;<\/span><\/bdi><\/span><\/ins><span class=\"screen-reader-text\">Aktueller Preis ist: 299,00&nbsp;&euro;.<\/span><\/span>\n<\/a><a href=\"\/index.php\/wp-json\/wp\/v2\/pages\/22663?add-to-cart=22661\" aria-describedby=\"woocommerce_loop_add_to_cart_link_describedby_22661\" data-quantity=\"1\" class=\"button product_type_simple add_to_cart_button ajax_add_to_cart\" data-product_id=\"22661\" data-product_sku=\"\" aria-label=\"In den Warenkorb legen: \u201eB2 telc Deutsch Pr\u00fcfungsvorbereitung\u201c\" rel=\"nofollow\" data-success_message=\"\u201eB2 telc Deutsch Pr\u00fcfungsvorbereitung\u201c wurde deinem Warenkorb hinzugef\u00fcgt\" role=\"button\">In den Warenkorb<\/a>\t<span id=\"woocommerce_loop_add_to_cart_link_describedby_22661\" class=\"screen-reader-text\">\n\t\t\t<\/span>\n\t\t\t\t\t\t<\/div>\n\t\t\t\t\t\t\t\t\t\t<\/div>\n\t\t\t<\/div>\n\t\t\t\t\t\t\t<\/div>\n\t\t\t\t<\/div>\n\t\t\t\t<\/div>\n\t\t<div class=\"elementor-element elementor-element-b7dbc46 e-con-full e-flex e-con e-child\" data-id=\"b7dbc46\" data-element_type=\"container\">\n\t\t<div class=\"elementor-element elementor-element-6975f7d e-con-full e-flex e-con e-child\" data-id=\"6975f7d\" data-element_type=\"container\">\n\t\t\t\t<div class=\"elementor-element elementor-element-18df60b elementor-widget elementor-widget-heading\" data-id=\"18df60b\" data-element_type=\"widget\" data-widget_type=\"heading.default\">\n\t\t\t\t<div class=\"elementor-widget-container\">\n\t\t\t\t\t<h2 class=\"elementor-heading-title elementor-size-default\">\ud83d\udcbb telc B2 Turbo-Vorbereitung \u2013 ONLINE \ud83e\udde0\ud83d\ude80\n<br>\n\ud83d\udd01 Monatlich dabei sein \u2013 Einstieg jederzeit m\u00f6glich!\n<br><br>\nBereite dich gezielt auf deine Berufsanerkennung in Pflege und Medizin vor \u2013 mit unserem GARANTIERTER ERFOLG-Versprechen! \ud83c\udfaf\ud83d\udcaa\n<br><br>\n\ud83d\udcc5 Wann?\nMontags, 17:00\u201318:30 Uhr \u2013 1 Termin pro Woche\n<br><br>\nWas dich erwartet:<br><br>\n\u2705 Kleine, pers\u00f6nliche Gruppen f\u00fcr maximalen Lernerfolg<br><br>\n\u2705 Individuelle Korrektur &amp; praktische Tipps beim Schreiben von Briefen<br><br>\n\u2705 Unterricht durch muttersprachlichen telc Pr\u00fcfer &amp; Bewerter<br><br>\n\u2705 Online-Seminar: bequem von \u00fcberall teilnehmen\n<br><br>\n\ud83c\udf93 Dein Lernvorsprung:\nIn unserem kompakten und intensiven Turbo-Kurs trainierst du genau das, was du f\u00fcr die telc B2 Pr\u00fcfung brauchst \u2013 effizient, praxisnah und pers\u00f6nlich begleitet.\n<br><br>\n<\/h2>\t\t\t\t<\/div>\n\t\t\t\t<\/div>\n\t\t\t\t<\/div>\n\t\t\t\t<\/div>\n\t\t\t\t<\/div>\n\t\t\t\t<\/div>\n\t\t","protected":false},"excerpt":{"rendered":"<p>Warenkorb 5 &times; B2 telc Deutsch Pr\u00fcfungsvorbereitung 4 &times; 299,00&nbsp;&euro; &times; A2 B2 Telc Pr\u00fcfungsvorbereitung 1 &times; 299,00&nbsp;&euro; Subtotal: 1.499,00&nbsp;&euro; View basket Empty Cart Checkout Sale! B2 telc Deutsch Pr\u00fcfungsvorbereitung 349,00&nbsp;&euro; Original price was: 349,00&nbsp;&euro;.299,00&nbsp;&euro;Current price is: 299,00&nbsp;&euro;. Add to &hellip; <\/p>\n","protected":false},"author":1,"featured_media":0,"parent":0,"menu_order":0,"comment_status":"closed","ping_status":"closed","template":"","meta":{"footnotes":""},"class_list":["post-22663","page","type-page","status-publish","hentry"],"yoast_head":"<!-- This site is optimized with the Yoast SEO plugin v26.4 - https:\/\/yoast.com\/wordpress\/plugins\/seo\/ -->\n<title>B2 telc Deutsch Pr\u00fcfungsvorbereitung - Inlingua Regensburg<\/title>\n<meta name=\"description\" content=\"Deutsch test b1Deutsch Pr\u00fcfung b1Deutsch b1 Regensburg\" \/>\n<meta name=\"robots\" content=\"index, follow, max-snippet:-1, max-image-preview:large, max-video-preview:-1\" \/>\n<link rel=\"canonical\" href=\"https:\/\/inlingua-regensburg.de\/index.php\/b2-telc-deutsch-prufungsvorbereitung\/\" \/>\n<meta property=\"og:locale\" content=\"de_DE\" \/>\n<meta property=\"og:type\" content=\"article\" \/>\n<meta property=\"og:title\" content=\"B2 telc Deutsch Pr\u00fcfungsvorbereitung - Inlingua Regensburg\" \/>\n<meta property=\"og:description\" content=\"Deutsch test b1Deutsch Pr\u00fcfung b1Deutsch b1 Regensburg\" \/>\n<meta property=\"og:url\" content=\"https:\/\/inlingua-regensburg.de\/index.php\/b2-telc-deutsch-prufungsvorbereitung\/\" \/>\n<meta property=\"og:site_name\" content=\"Inlingua Regensburg\" \/>\n<meta property=\"article:publisher\" content=\"https:\/\/www.facebook.com\/inlinguaRegensburg\" \/>\n<meta property=\"article:modified_time\" content=\"2025-05-29T19:11:50+00:00\" \/>\n<meta property=\"og:image\" content=\"https:\/\/inlingua-regensburg.de\/wp-content\/uploads\/woocommerce-placeholder-300x300.png\" \/>\n<meta name=\"twitter:card\" content=\"summary_large_image\" \/>\n<meta name=\"twitter:label1\" content=\"Gesch\u00e4tzte Lesezeit\" \/>\n\t<meta name=\"twitter:data1\" content=\"2\u00a0Minuten\" \/>\n<script type=\"application\/ld+json\" class=\"yoast-schema-graph\">{\"@context\":\"https:\/\/schema.org\",\"@graph\":[{\"@type\":\"WebPage\",\"@id\":\"https:\/\/inlingua-regensburg.de\/index.php\/b2-telc-deutsch-prufungsvorbereitung\/\",\"url\":\"https:\/\/inlingua-regensburg.de\/index.php\/b2-telc-deutsch-prufungsvorbereitung\/\",\"name\":\"B2 telc Deutsch Pr\u00fcfungsvorbereitung - Inlingua Regensburg\",\"isPartOf\":{\"@id\":\"https:\/\/inlingua-regensburg.de\/#website\"},\"primaryImageOfPage\":{\"@id\":\"https:\/\/inlingua-regensburg.de\/index.php\/b2-telc-deutsch-prufungsvorbereitung\/#primaryimage\"},\"image\":{\"@id\":\"https:\/\/inlingua-regensburg.de\/index.php\/b2-telc-deutsch-prufungsvorbereitung\/#primaryimage\"},\"thumbnailUrl\":\"https:\/\/inlingua-regensburg.de\/wp-content\/uploads\/woocommerce-placeholder-300x300.png\",\"datePublished\":\"2025-05-24T15:15:45+00:00\",\"dateModified\":\"2025-05-29T19:11:50+00:00\",\"description\":\"Deutsch test b1Deutsch Pr\u00fcfung b1Deutsch b1 Regensburg\",\"breadcrumb\":{\"@id\":\"https:\/\/inlingua-regensburg.de\/index.php\/b2-telc-deutsch-prufungsvorbereitung\/#breadcrumb\"},\"inLanguage\":\"de\",\"potentialAction\":[{\"@type\":\"ReadAction\",\"target\":[\"https:\/\/inlingua-regensburg.de\/index.php\/b2-telc-deutsch-prufungsvorbereitung\/\"]}]},{\"@type\":\"ImageObject\",\"inLanguage\":\"de\",\"@id\":\"https:\/\/inlingua-regensburg.de\/index.php\/b2-telc-deutsch-prufungsvorbereitung\/#primaryimage\",\"url\":\"https:\/\/inlingua-regensburg.de\/wp-content\/uploads\/woocommerce-placeholder.png\",\"contentUrl\":\"https:\/\/inlingua-regensburg.de\/wp-content\/uploads\/woocommerce-placeholder.png\",\"width\":1200,\"height\":1200},{\"@type\":\"BreadcrumbList\",\"@id\":\"https:\/\/inlingua-regensburg.de\/index.php\/b2-telc-deutsch-prufungsvorbereitung\/#breadcrumb\",\"itemListElement\":[{\"@type\":\"ListItem\",\"position\":1,\"name\":\"Home\",\"item\":\"https:\/\/inlingua-regensburg.de\/\"},{\"@type\":\"ListItem\",\"position\":2,\"name\":\"B2 telc Deutsch Pr\u00fcfungsvorbereitung\"}]},{\"@type\":\"WebSite\",\"@id\":\"https:\/\/inlingua-regensburg.de\/#website\",\"url\":\"https:\/\/inlingua-regensburg.de\/\",\"name\":\"Inlingua Regensburg\",\"description\":\"inlingua ist eines der gr\u00f6\u00dften Netzwerke f\u00fcr fremdsprachliche Aus- und Weiterbildung weltweit.\",\"publisher\":{\"@id\":\"https:\/\/inlingua-regensburg.de\/#organization\"},\"potentialAction\":[{\"@type\":\"SearchAction\",\"target\":{\"@type\":\"EntryPoint\",\"urlTemplate\":\"https:\/\/inlingua-regensburg.de\/?s={search_term_string}\"},\"query-input\":{\"@type\":\"PropertyValueSpecification\",\"valueRequired\":true,\"valueName\":\"search_term_string\"}}],\"inLanguage\":\"de\"},{\"@type\":\"Organization\",\"@id\":\"https:\/\/inlingua-regensburg.de\/#organization\",\"name\":\"Inlingua Regensburg\",\"url\":\"https:\/\/inlingua-regensburg.de\/\",\"logo\":{\"@type\":\"ImageObject\",\"inLanguage\":\"de\",\"@id\":\"https:\/\/inlingua-regensburg.de\/#\/schema\/logo\/image\/\",\"url\":\"https:\/\/inlingua-regensburg.de\/wp-content\/uploads\/2022\/06\/1601467324747-removebg-preview.png\",\"contentUrl\":\"https:\/\/inlingua-regensburg.de\/wp-content\/uploads\/2022\/06\/1601467324747-removebg-preview.png\",\"width\":200,\"height\":200,\"caption\":\"Inlingua Regensburg\"},\"image\":{\"@id\":\"https:\/\/inlingua-regensburg.de\/#\/schema\/logo\/image\/\"},\"sameAs\":[\"https:\/\/www.facebook.com\/inlinguaRegensburg\"]}]}<\/script>\n<!-- \/ Yoast SEO plugin. -->","yoast_head_json":{"title":"B2 telc Deutsch Pr\u00fcfungsvorbereitung - Inlingua Regensburg","description":"Deutsch test b1Deutsch Pr\u00fcfung b1Deutsch b1 Regensburg","robots":{"index":"index","follow":"follow","max-snippet":"max-snippet:-1","max-image-preview":"max-image-preview:large","max-video-preview":"max-video-preview:-1"},"canonical":"https:\/\/inlingua-regensburg.de\/index.php\/b2-telc-deutsch-prufungsvorbereitung\/","og_locale":"de_DE","og_type":"article","og_title":"B2 telc Deutsch Pr\u00fcfungsvorbereitung - Inlingua Regensburg","og_description":"Deutsch test b1Deutsch Pr\u00fcfung b1Deutsch b1 Regensburg","og_url":"https:\/\/inlingua-regensburg.de\/index.php\/b2-telc-deutsch-prufungsvorbereitung\/","og_site_name":"Inlingua Regensburg","article_publisher":"https:\/\/www.facebook.com\/inlinguaRegensburg","article_modified_time":"2025-05-29T19:11:50+00:00","og_image":[{"url":"https:\/\/inlingua-regensburg.de\/wp-content\/uploads\/woocommerce-placeholder-300x300.png","type":"","width":"","height":""}],"twitter_card":"summary_large_image","twitter_misc":{"Gesch\u00e4tzte Lesezeit":"2\u00a0Minuten"},"schema":{"@context":"https:\/\/schema.org","@graph":[{"@type":"WebPage","@id":"https:\/\/inlingua-regensburg.de\/index.php\/b2-telc-deutsch-prufungsvorbereitung\/","url":"https:\/\/inlingua-regensburg.de\/index.php\/b2-telc-deutsch-prufungsvorbereitung\/","name":"B2 telc Deutsch Pr\u00fcfungsvorbereitung - Inlingua Regensburg","isPartOf":{"@id":"https:\/\/inlingua-regensburg.de\/#website"},"primaryImageOfPage":{"@id":"https:\/\/inlingua-regensburg.de\/index.php\/b2-telc-deutsch-prufungsvorbereitung\/#primaryimage"},"image":{"@id":"https:\/\/inlingua-regensburg.de\/index.php\/b2-telc-deutsch-prufungsvorbereitung\/#primaryimage"},"thumbnailUrl":"https:\/\/inlingua-regensburg.de\/wp-content\/uploads\/woocommerce-placeholder-300x300.png","datePublished":"2025-05-24T15:15:45+00:00","dateModified":"2025-05-29T19:11:50+00:00","description":"Deutsch test b1Deutsch Pr\u00fcfung b1Deutsch b1 Regensburg","breadcrumb":{"@id":"https:\/\/inlingua-regensburg.de\/index.php\/b2-telc-deutsch-prufungsvorbereitung\/#breadcrumb"},"inLanguage":"de","potentialAction":[{"@type":"ReadAction","target":["https:\/\/inlingua-regensburg.de\/index.php\/b2-telc-deutsch-prufungsvorbereitung\/"]}]},{"@type":"ImageObject","inLanguage":"de","@id":"https:\/\/inlingua-regensburg.de\/index.php\/b2-telc-deutsch-prufungsvorbereitung\/#primaryimage","url":"https:\/\/inlingua-regensburg.de\/wp-content\/uploads\/woocommerce-placeholder.png","contentUrl":"https:\/\/inlingua-regensburg.de\/wp-content\/uploads\/woocommerce-placeholder.png","width":1200,"height":1200},{"@type":"BreadcrumbList","@id":"https:\/\/inlingua-regensburg.de\/index.php\/b2-telc-deutsch-prufungsvorbereitung\/#breadcrumb","itemListElement":[{"@type":"ListItem","position":1,"name":"Home","item":"https:\/\/inlingua-regensburg.de\/"},{"@type":"ListItem","position":2,"name":"B2 telc Deutsch Pr\u00fcfungsvorbereitung"}]},{"@type":"WebSite","@id":"https:\/\/inlingua-regensburg.de\/#website","url":"https:\/\/inlingua-regensburg.de\/","name":"Inlingua Regensburg","description":"inlingua ist eines der gr\u00f6\u00dften Netzwerke f\u00fcr fremdsprachliche Aus- und Weiterbildung weltweit.","publisher":{"@id":"https:\/\/inlingua-regensburg.de\/#organization"},"potentialAction":[{"@type":"SearchAction","target":{"@type":"EntryPoint","urlTemplate":"https:\/\/inlingua-regensburg.de\/?s={search_term_string}"},"query-input":{"@type":"PropertyValueSpecification","valueRequired":true,"valueName":"search_term_string"}}],"inLanguage":"de"},{"@type":"Organization","@id":"https:\/\/inlingua-regensburg.de\/#organization","name":"Inlingua Regensburg","url":"https:\/\/inlingua-regensburg.de\/","logo":{"@type":"ImageObject","inLanguage":"de","@id":"https:\/\/inlingua-regensburg.de\/#\/schema\/logo\/image\/","url":"https:\/\/inlingua-regensburg.de\/wp-content\/uploads\/2022\/06\/1601467324747-removebg-preview.png","contentUrl":"https:\/\/inlingua-regensburg.de\/wp-content\/uploads\/2022\/06\/1601467324747-removebg-preview.png","width":200,"height":200,"caption":"Inlingua Regensburg"},"image":{"@id":"https:\/\/inlingua-regensburg.de\/#\/schema\/logo\/image\/"},"sameAs":["https:\/\/www.facebook.com\/inlinguaRegensburg"]}]}},"jetpack_sharing_enabled":true,"_links":{"self":[{"href":"https:\/\/inlingua-regensburg.de\/index.php\/wp-json\/wp\/v2\/pages\/22663","targetHints":{"allow":["GET"]}}],"collection":[{"href":"https:\/\/inlingua-regensburg.de\/index.php\/wp-json\/wp\/v2\/pages"}],"about":[{"href":"https:\/\/inlingua-regensburg.de\/index.php\/wp-json\/wp\/v2\/types\/page"}],"author":[{"embeddable":true,"href":"https:\/\/inlingua-regensburg.de\/index.php\/wp-json\/wp\/v2\/users\/1"}],"replies":[{"embeddable":true,"href":"https:\/\/inlingua-regensburg.de\/index.php\/wp-json\/wp\/v2\/comments?post=22663"}],"version-history":[{"count":0,"href":"https:\/\/inlingua-regensburg.de\/index.php\/wp-json\/wp\/v2\/pages\/22663\/revisions"}],"wp:attachment":[{"href":"https:\/\/inlingua-regensburg.de\/index.php\/wp-json\/wp\/v2\/media?parent=22663"}],"curies":[{"name":"wp","href":"https:\/\/api.w.org\/{rel}","templated":true}]}}