{"id":22654,"date":"2025-05-24T14:58:20","date_gmt":"2025-05-24T14:58:20","guid":{"rendered":"https:\/\/inlingua-regensburg.de\/?page_id=22654"},"modified":"2025-05-31T11:00:46","modified_gmt":"2025-05-31T11:00:46","slug":"prufungsvorbereitunga2b1","status":"publish","type":"page","link":"https:\/\/inlingua-regensburg.de\/index.php\/prufungsvorbereitunga2b1\/","title":{"rendered":"Pr\u00fcfungsvorbereitungA2B1"},"content":{"rendered":"\t\t<div data-elementor-type=\"wp-page\" data-elementor-id=\"22654\" class=\"elementor elementor-22654\">\n\t\t\t\t<div class=\"elementor-element elementor-element-45177f7 e-flex e-con-boxed e-con e-parent\" data-id=\"45177f7\" data-element_type=\"container\">\n\t\t\t\t\t<div class=\"e-con-inner\">\n\t\t\t\t\t<\/div>\n\t\t\t\t<\/div>\n\t\t<div class=\"elementor-element elementor-element-8ff67a6 e-flex e-con-boxed e-con e-parent\" data-id=\"8ff67a6\" data-element_type=\"container\">\n\t\t\t\t\t<div class=\"e-con-inner\">\n\t\t<div class=\"elementor-element elementor-element-d4c707f e-con-full e-flex e-con e-child\" data-id=\"d4c707f\" data-element_type=\"container\">\n\t\t\t\t<div class=\"elementor-element elementor-element-77815c2 elementor-widget elementor-widget-thim-ekits-list-product\" data-id=\"77815c2\" data-element_type=\"widget\" data-widget_type=\"thim-ekits-list-product.default\">\n\t\t\t\t<div class=\"elementor-widget-container\">\n\t\t\t\t\t\t\t\t<div class=\"thim-ekits-product woocommerce\">\n\t\t\t\t<div class=\"thim-ekits-product__inner\">\n\t\t\t\t\t\t\t\t\t\t\t<div class=\"thim-ekits-product__item product type-product post-22657 status-publish first instock product_cat-prufungsvorbereitung product_cat-prufungsvorbereitunga2b1 sale shipping-taxable purchasable product-type-simple woopt woopt_\">\n\t\t\t\t\t\t\t\n\t<span class=\"onsale\">Angebot!<\/span>\n\t<img fetchpriority=\"high\" decoding=\"async\" width=\"300\" height=\"300\" src=\"https:\/\/inlingua-regensburg.de\/wp-content\/uploads\/woocommerce-placeholder-300x300.png\" class=\"woocommerce-placeholder wp-post-image\" alt=\"Platzhalter\" srcset=\"https:\/\/inlingua-regensburg.de\/wp-content\/uploads\/\/woocommerce-placeholder-300x300.png 300w, https:\/\/inlingua-regensburg.de\/wp-content\/uploads\/\/woocommerce-placeholder-100x100.png 100w, https:\/\/inlingua-regensburg.de\/wp-content\/uploads\/\/woocommerce-placeholder-600x600.png 600w, https:\/\/inlingua-regensburg.de\/wp-content\/uploads\/\/woocommerce-placeholder-1024x1024.png 1024w, https:\/\/inlingua-regensburg.de\/wp-content\/uploads\/\/woocommerce-placeholder-150x150.png 150w, https:\/\/inlingua-regensburg.de\/wp-content\/uploads\/\/woocommerce-placeholder-768x768.png 768w, https:\/\/inlingua-regensburg.de\/wp-content\/uploads\/\/woocommerce-placeholder-32x32.png 32w, https:\/\/inlingua-regensburg.de\/wp-content\/uploads\/\/woocommerce-placeholder-80x80.png 80w, https:\/\/inlingua-regensburg.de\/wp-content\/uploads\/\/woocommerce-placeholder-30x30.png 30w, https:\/\/inlingua-regensburg.de\/wp-content\/uploads\/\/woocommerce-placeholder.png 1200w\" sizes=\"(max-width: 300px) 100vw, 300px\" \/><h2 class=\"woocommerce-loop-product__title\">A2 B1 Telc Pr\u00fcfungsvorbereitung<\/h2>\n\t<span class=\"price\"><del aria-hidden=\"true\"><span class=\"woocommerce-Price-amount amount\"><bdi>450,00&nbsp;<span class=\"woocommerce-Price-currencySymbol\">&euro;<\/span><\/bdi><\/span><\/del> <span class=\"screen-reader-text\">Urspr\u00fcnglicher Preis war: 450,00&nbsp;&euro;<\/span><ins aria-hidden=\"true\"><span class=\"woocommerce-Price-amount amount\"><bdi>299,00&nbsp;<span class=\"woocommerce-Price-currencySymbol\">&euro;<\/span><\/bdi><\/span><\/ins><span class=\"screen-reader-text\">Aktueller Preis ist: 299,00&nbsp;&euro;.<\/span><\/span>\n<\/a><a href=\"\/index.php\/wp-json\/wp\/v2\/pages\/22654?add-to-cart=22657\" aria-describedby=\"woocommerce_loop_add_to_cart_link_describedby_22657\" data-quantity=\"1\" class=\"button product_type_simple add_to_cart_button ajax_add_to_cart\" data-product_id=\"22657\" data-product_sku=\"10\" aria-label=\"In den Warenkorb legen: \u201eA2 B1 Telc Pr\u00fcfungsvorbereitung\u201c\" rel=\"nofollow\" data-success_message=\"\u201eA2 B1 Telc Pr\u00fcfungsvorbereitung\u201c wurde deinem Warenkorb hinzugef\u00fcgt\" role=\"button\">In den Warenkorb<\/a>\t<span id=\"woocommerce_loop_add_to_cart_link_describedby_22657\" class=\"screen-reader-text\">\n\t\t\t<\/span>\n\t\t\t\t\t\t<\/div>\n\t\t\t\t\t\t\t\t\t\t<\/div>\n\t\t\t<\/div>\n\t\t\t\t\t\t\t<\/div>\n\t\t\t\t<\/div>\n\t\t\t\t<\/div>\n\t\t<div class=\"elementor-element elementor-element-579c3e5 e-con-full e-flex e-con e-child\" data-id=\"579c3e5\" data-element_type=\"container\">\n\t\t<div class=\"elementor-element elementor-element-7c568f9 e-con-full e-flex e-con e-child\" data-id=\"7c568f9\" data-element_type=\"container\">\n\t\t\t\t<div class=\"elementor-element elementor-element-2398c95 elementor-widget elementor-widget-heading\" data-id=\"2398c95\" data-element_type=\"widget\" data-widget_type=\"heading.default\">\n\t\t\t\t<div class=\"elementor-widget-container\">\n\t\t\t\t\t<h2 class=\"elementor-heading-title elementor-size-default\">\ud83d\udccd telc A2\/B1 Turbo-Vorbereitung \u2013 Pr\u00e4senzkurs \ud83c\udde9\ud83c\uddea\u270d\ufe0f\n<br>\n\u2705 Monatlich teilnehmen \u2013 Einstieg jederzeit m\u00f6glich!\n<br><br>\nBereite dich gezielt auf deine telc A2\/B1 Pr\u00fcfung vor \u2013 ideal f\u00fcr deinen Aufenthaltstitel oder die deutsche Staatsb\u00fcrgerschaft.\n<br><br>\n\ud83d\udcc5 Wann?\nJeden Dienstag, 17:00\u201318:30 Uhr\n<br><br>\nWas dich erwartet:\n\ud83d\udc65 Kleine, pers\u00f6nliche Gruppen f\u00fcr mehr Lernerfolg<br>\n\ud83d\udde3\ufe0f Unterricht von einem muttersprachlichen telc Pr\u00fcfer &amp; Bewerter<br>\n\u2709\ufe0f Individuelle Korrektur &amp; hilfreiche Tipps beim Schreiben von Briefen<br>\n\ud83d\udcda Praxisnahes, effektives und motivierendes Lernen<br>\n\ud83d\udccc Pr\u00e4senzunterricht in angenehmer Lernumgebung mit pers\u00f6nlicher Betreuung\n<br><br>\n\ud83c\udfaf Unser Versprechen:\nTurbo-Vorbereitung mit garantiertem Pr\u00fcfungserfolg \u2013 f\u00fcr deinen n\u00e4chsten wichtigen Schritt in Deutschland!\n<br><br>\n<\/h2>\t\t\t\t<\/div>\n\t\t\t\t<\/div>\n\t\t\t\t<\/div>\n\t\t\t\t<\/div>\n\t\t\t\t\t<\/div>\n\t\t\t\t<\/div>\n\t\t\t\t<\/div>\n\t\t","protected":false},"excerpt":{"rendered":"<p>Warenkorb 5 &times; B2 telc Deutsch Pr\u00fcfungsvorbereitung 4 &times; 299,00&nbsp;&euro; &times; A2 B2 Telc Pr\u00fcfungsvorbereitung 1 &times; 299,00&nbsp;&euro; Subtotal: 1.499,00&nbsp;&euro; View basket Empty Cart Checkout Sale! A2 B2 Telc Pr\u00fcfungsvorbereitung 349,00&nbsp;&euro; Original price was: 349,00&nbsp;&euro;.299,00&nbsp;&euro;Current price is: 299,00&nbsp;&euro;. Add to &hellip; <\/p>\n","protected":false},"author":1,"featured_media":0,"parent":0,"menu_order":0,"comment_status":"closed","ping_status":"closed","template":"","meta":{"footnotes":""},"class_list":["post-22654","page","type-page","status-publish","hentry"],"yoast_head":"<!-- This site is optimized with the Yoast SEO plugin v26.4 - https:\/\/yoast.com\/wordpress\/plugins\/seo\/ -->\n<title>Pr\u00fcfungsvorbereitungA2B1 - Inlingua Regensburg<\/title>\n<meta name=\"description\" content=\"Deutsch test b1Deutsch Pr\u00fcfung b1Deutsch b1 Regensburg\" \/>\n<meta name=\"robots\" content=\"index, follow, max-snippet:-1, max-image-preview:large, max-video-preview:-1\" \/>\n<link rel=\"canonical\" href=\"https:\/\/inlingua-regensburg.de\/index.php\/prufungsvorbereitunga2b1\/\" \/>\n<meta property=\"og:locale\" content=\"de_DE\" \/>\n<meta property=\"og:type\" content=\"article\" \/>\n<meta property=\"og:title\" content=\"Pr\u00fcfungsvorbereitungA2B1 - Inlingua Regensburg\" \/>\n<meta property=\"og:description\" content=\"Deutsch test b1Deutsch Pr\u00fcfung b1Deutsch b1 Regensburg\" \/>\n<meta property=\"og:url\" content=\"https:\/\/inlingua-regensburg.de\/index.php\/prufungsvorbereitunga2b1\/\" \/>\n<meta property=\"og:site_name\" content=\"Inlingua Regensburg\" \/>\n<meta property=\"article:publisher\" content=\"https:\/\/www.facebook.com\/inlinguaRegensburg\" \/>\n<meta property=\"article:modified_time\" content=\"2025-05-31T11:00:46+00:00\" \/>\n<meta property=\"og:image\" content=\"https:\/\/inlingua-regensburg.de\/wp-content\/uploads\/woocommerce-placeholder-300x300.png\" \/>\n<meta name=\"twitter:card\" content=\"summary_large_image\" \/>\n<meta name=\"twitter:label1\" content=\"Gesch\u00e4tzte Lesezeit\" \/>\n\t<meta name=\"twitter:data1\" content=\"2\u00a0Minuten\" \/>\n<script type=\"application\/ld+json\" class=\"yoast-schema-graph\">{\"@context\":\"https:\/\/schema.org\",\"@graph\":[{\"@type\":\"WebPage\",\"@id\":\"https:\/\/inlingua-regensburg.de\/index.php\/prufungsvorbereitunga2b1\/\",\"url\":\"https:\/\/inlingua-regensburg.de\/index.php\/prufungsvorbereitunga2b1\/\",\"name\":\"Pr\u00fcfungsvorbereitungA2B1 - Inlingua Regensburg\",\"isPartOf\":{\"@id\":\"https:\/\/inlingua-regensburg.de\/#website\"},\"primaryImageOfPage\":{\"@id\":\"https:\/\/inlingua-regensburg.de\/index.php\/prufungsvorbereitunga2b1\/#primaryimage\"},\"image\":{\"@id\":\"https:\/\/inlingua-regensburg.de\/index.php\/prufungsvorbereitunga2b1\/#primaryimage\"},\"thumbnailUrl\":\"https:\/\/inlingua-regensburg.de\/wp-content\/uploads\/woocommerce-placeholder-300x300.png\",\"datePublished\":\"2025-05-24T14:58:20+00:00\",\"dateModified\":\"2025-05-31T11:00:46+00:00\",\"description\":\"Deutsch test b1Deutsch Pr\u00fcfung b1Deutsch b1 Regensburg\",\"breadcrumb\":{\"@id\":\"https:\/\/inlingua-regensburg.de\/index.php\/prufungsvorbereitunga2b1\/#breadcrumb\"},\"inLanguage\":\"de\",\"potentialAction\":[{\"@type\":\"ReadAction\",\"target\":[\"https:\/\/inlingua-regensburg.de\/index.php\/prufungsvorbereitunga2b1\/\"]}]},{\"@type\":\"ImageObject\",\"inLanguage\":\"de\",\"@id\":\"https:\/\/inlingua-regensburg.de\/index.php\/prufungsvorbereitunga2b1\/#primaryimage\",\"url\":\"https:\/\/inlingua-regensburg.de\/wp-content\/uploads\/woocommerce-placeholder.png\",\"contentUrl\":\"https:\/\/inlingua-regensburg.de\/wp-content\/uploads\/woocommerce-placeholder.png\",\"width\":1200,\"height\":1200},{\"@type\":\"BreadcrumbList\",\"@id\":\"https:\/\/inlingua-regensburg.de\/index.php\/prufungsvorbereitunga2b1\/#breadcrumb\",\"itemListElement\":[{\"@type\":\"ListItem\",\"position\":1,\"name\":\"Home\",\"item\":\"https:\/\/inlingua-regensburg.de\/\"},{\"@type\":\"ListItem\",\"position\":2,\"name\":\"Pr\u00fcfungsvorbereitungA2B1\"}]},{\"@type\":\"WebSite\",\"@id\":\"https:\/\/inlingua-regensburg.de\/#website\",\"url\":\"https:\/\/inlingua-regensburg.de\/\",\"name\":\"Inlingua Regensburg\",\"description\":\"inlingua ist eines der gr\u00f6\u00dften Netzwerke f\u00fcr fremdsprachliche Aus- und Weiterbildung weltweit.\",\"publisher\":{\"@id\":\"https:\/\/inlingua-regensburg.de\/#organization\"},\"potentialAction\":[{\"@type\":\"SearchAction\",\"target\":{\"@type\":\"EntryPoint\",\"urlTemplate\":\"https:\/\/inlingua-regensburg.de\/?s={search_term_string}\"},\"query-input\":{\"@type\":\"PropertyValueSpecification\",\"valueRequired\":true,\"valueName\":\"search_term_string\"}}],\"inLanguage\":\"de\"},{\"@type\":\"Organization\",\"@id\":\"https:\/\/inlingua-regensburg.de\/#organization\",\"name\":\"Inlingua Regensburg\",\"url\":\"https:\/\/inlingua-regensburg.de\/\",\"logo\":{\"@type\":\"ImageObject\",\"inLanguage\":\"de\",\"@id\":\"https:\/\/inlingua-regensburg.de\/#\/schema\/logo\/image\/\",\"url\":\"https:\/\/inlingua-regensburg.de\/wp-content\/uploads\/2022\/06\/1601467324747-removebg-preview.png\",\"contentUrl\":\"https:\/\/inlingua-regensburg.de\/wp-content\/uploads\/2022\/06\/1601467324747-removebg-preview.png\",\"width\":200,\"height\":200,\"caption\":\"Inlingua Regensburg\"},\"image\":{\"@id\":\"https:\/\/inlingua-regensburg.de\/#\/schema\/logo\/image\/\"},\"sameAs\":[\"https:\/\/www.facebook.com\/inlinguaRegensburg\"]}]}<\/script>\n<!-- \/ Yoast SEO plugin. -->","yoast_head_json":{"title":"Pr\u00fcfungsvorbereitungA2B1 - Inlingua Regensburg","description":"Deutsch test b1Deutsch Pr\u00fcfung b1Deutsch b1 Regensburg","robots":{"index":"index","follow":"follow","max-snippet":"max-snippet:-1","max-image-preview":"max-image-preview:large","max-video-preview":"max-video-preview:-1"},"canonical":"https:\/\/inlingua-regensburg.de\/index.php\/prufungsvorbereitunga2b1\/","og_locale":"de_DE","og_type":"article","og_title":"Pr\u00fcfungsvorbereitungA2B1 - Inlingua Regensburg","og_description":"Deutsch test b1Deutsch Pr\u00fcfung b1Deutsch b1 Regensburg","og_url":"https:\/\/inlingua-regensburg.de\/index.php\/prufungsvorbereitunga2b1\/","og_site_name":"Inlingua Regensburg","article_publisher":"https:\/\/www.facebook.com\/inlinguaRegensburg","article_modified_time":"2025-05-31T11:00:46+00:00","og_image":[{"url":"https:\/\/inlingua-regensburg.de\/wp-content\/uploads\/woocommerce-placeholder-300x300.png","type":"","width":"","height":""}],"twitter_card":"summary_large_image","twitter_misc":{"Gesch\u00e4tzte Lesezeit":"2\u00a0Minuten"},"schema":{"@context":"https:\/\/schema.org","@graph":[{"@type":"WebPage","@id":"https:\/\/inlingua-regensburg.de\/index.php\/prufungsvorbereitunga2b1\/","url":"https:\/\/inlingua-regensburg.de\/index.php\/prufungsvorbereitunga2b1\/","name":"Pr\u00fcfungsvorbereitungA2B1 - Inlingua Regensburg","isPartOf":{"@id":"https:\/\/inlingua-regensburg.de\/#website"},"primaryImageOfPage":{"@id":"https:\/\/inlingua-regensburg.de\/index.php\/prufungsvorbereitunga2b1\/#primaryimage"},"image":{"@id":"https:\/\/inlingua-regensburg.de\/index.php\/prufungsvorbereitunga2b1\/#primaryimage"},"thumbnailUrl":"https:\/\/inlingua-regensburg.de\/wp-content\/uploads\/woocommerce-placeholder-300x300.png","datePublished":"2025-05-24T14:58:20+00:00","dateModified":"2025-05-31T11:00:46+00:00","description":"Deutsch test b1Deutsch Pr\u00fcfung b1Deutsch b1 Regensburg","breadcrumb":{"@id":"https:\/\/inlingua-regensburg.de\/index.php\/prufungsvorbereitunga2b1\/#breadcrumb"},"inLanguage":"de","potentialAction":[{"@type":"ReadAction","target":["https:\/\/inlingua-regensburg.de\/index.php\/prufungsvorbereitunga2b1\/"]}]},{"@type":"ImageObject","inLanguage":"de","@id":"https:\/\/inlingua-regensburg.de\/index.php\/prufungsvorbereitunga2b1\/#primaryimage","url":"https:\/\/inlingua-regensburg.de\/wp-content\/uploads\/woocommerce-placeholder.png","contentUrl":"https:\/\/inlingua-regensburg.de\/wp-content\/uploads\/woocommerce-placeholder.png","width":1200,"height":1200},{"@type":"BreadcrumbList","@id":"https:\/\/inlingua-regensburg.de\/index.php\/prufungsvorbereitunga2b1\/#breadcrumb","itemListElement":[{"@type":"ListItem","position":1,"name":"Home","item":"https:\/\/inlingua-regensburg.de\/"},{"@type":"ListItem","position":2,"name":"Pr\u00fcfungsvorbereitungA2B1"}]},{"@type":"WebSite","@id":"https:\/\/inlingua-regensburg.de\/#website","url":"https:\/\/inlingua-regensburg.de\/","name":"Inlingua Regensburg","description":"inlingua ist eines der gr\u00f6\u00dften Netzwerke f\u00fcr fremdsprachliche Aus- und Weiterbildung weltweit.","publisher":{"@id":"https:\/\/inlingua-regensburg.de\/#organization"},"potentialAction":[{"@type":"SearchAction","target":{"@type":"EntryPoint","urlTemplate":"https:\/\/inlingua-regensburg.de\/?s={search_term_string}"},"query-input":{"@type":"PropertyValueSpecification","valueRequired":true,"valueName":"search_term_string"}}],"inLanguage":"de"},{"@type":"Organization","@id":"https:\/\/inlingua-regensburg.de\/#organization","name":"Inlingua Regensburg","url":"https:\/\/inlingua-regensburg.de\/","logo":{"@type":"ImageObject","inLanguage":"de","@id":"https:\/\/inlingua-regensburg.de\/#\/schema\/logo\/image\/","url":"https:\/\/inlingua-regensburg.de\/wp-content\/uploads\/2022\/06\/1601467324747-removebg-preview.png","contentUrl":"https:\/\/inlingua-regensburg.de\/wp-content\/uploads\/2022\/06\/1601467324747-removebg-preview.png","width":200,"height":200,"caption":"Inlingua Regensburg"},"image":{"@id":"https:\/\/inlingua-regensburg.de\/#\/schema\/logo\/image\/"},"sameAs":["https:\/\/www.facebook.com\/inlinguaRegensburg"]}]}},"_links":{"self":[{"href":"https:\/\/inlingua-regensburg.de\/index.php\/wp-json\/wp\/v2\/pages\/22654","targetHints":{"allow":["GET"]}}],"collection":[{"href":"https:\/\/inlingua-regensburg.de\/index.php\/wp-json\/wp\/v2\/pages"}],"about":[{"href":"https:\/\/inlingua-regensburg.de\/index.php\/wp-json\/wp\/v2\/types\/page"}],"author":[{"embeddable":true,"href":"https:\/\/inlingua-regensburg.de\/index.php\/wp-json\/wp\/v2\/users\/1"}],"replies":[{"embeddable":true,"href":"https:\/\/inlingua-regensburg.de\/index.php\/wp-json\/wp\/v2\/comments?post=22654"}],"version-history":[{"count":0,"href":"https:\/\/inlingua-regensburg.de\/index.php\/wp-json\/wp\/v2\/pages\/22654\/revisions"}],"wp:attachment":[{"href":"https:\/\/inlingua-regensburg.de\/index.php\/wp-json\/wp\/v2\/media?parent=22654"}],"curies":[{"name":"wp","href":"https:\/\/api.w.org\/{rel}","templated":true}]}}